ands digit of 2908737?
9
What is the tens digit of 272036?
3
What is the hundred thousands digit of 3640386?
6
What is the hundreds digit of 5024173?
1
What is the units digit of 640117?
7
What is the hundred thousands digit of 926418?
9
What is the tens digit of 271635?
3
What is the units digit of 4548481?
1
What is the tens digit of 123353?
5
What is the ten thousands digit of 176332?
7
What is the ten thousands digit of 8242328?
4
What is the millions digit of 8798607?
8
What is the hundreds digit of 5544250?
2
What is the units digit of 188503?
3
What is the hundreds digit of 22548231?
2
What is the ten thousands digit of 234777?
3
What is the thousands digit of 440656?
0
What is the hundreds digit of 7885474?
4
What is the units digit of 6509853?
3
What is the units digit of 29695?
5
What is the thousands digit of 501756?
1
What is the hundreds digit of 23004?
0
What is the units digit of 9793344?
4
What is the hundreds digit of 476473?
4
What is the units digit of 396117?
7
What is the ten thousands digit of 5756239?
5
What is the thousands digit of 626539?
6
What is the ten thousands digit of 4780397?
8
What is the thousands digit of 13469805?
9
What is the thousands digit of 756728?
6
What is the thousands digit of 757550?
7
What is the hundreds digit of 1757190?
1
What is the hundreds digit of 1306197?
1
What is the units digit of 7610057?
7
What is the hundreds digit of 1891203?
2
What is the ten thousands digit of 95988?
9
What is the units digit of 308845?
5
What is the hundreds digit of 102899?
8
What is the ten thousands digit of 4342091?
4
What is the hundreds digit of 356857?
8
What is the hundreds digit of 1621388?
3
What is the ten thousands digit of 180089?
8
What is the ten thousands digit of 3257435?
5
What is the ten thousands digit of 2947094?
4
What is the thousands digit of 431535?
1
What is the tens digit of 129103?
0
What is the thousands digit of 655942?
5
What is the tens digit of 21559634?
3
What is the hundred thousands digit of 1489522?
4
What is the hundreds digit of 2886441?
4
What is the thousands digit of 326922?
6
What is the hundred thousands digit of 3061430?
0
What is the ten thousands digit of 255971?
5
What is the hundred thousands digit of 4848096?
8
What is the units digit of 3476579?
9
What is the hundred thousands digit of 1430965?
4
What is the units digit of 4186066?
6
What is the hundred thousands digit of 599230?
5
What is the millions digit of 2394691?
2
What is the hundreds digit of 28817787?
7
What is the tens digit of 156455?
5
What is the tens digit of 2309522?
2
What is the thousands digit of 2446551?
6
What is the hundreds digit of 530945?
9
What is the hundred thousands digit of 5010361?
0
What is the hundred thousands digit of 30471810?
4
What is the millions digit of 2710334?
2
What is the tens digit of 15536092?
9
What is the millions digit of 2130347?
2
What is the units digit of 8590505?
5
What is the millions digit of 9475779?
9
What is the hundreds digit of 529435?
4
What is the millions digit of 4074167?
4
What is the units digit of 29496?
6
What is the hundreds digit of 100496?
4
What is the hundred thousands digit of 15457901?
4
What is the tens digit of 259584?
8
What is the hundreds digit of 206980?
9
What is the ten thousands digit of 32486475?
8
What is the tens digit of 36952?
5
What is the tens digit of 286305?
0
What is the hundred thousands digit of 16130793?
1
What is the tens digit of 75697?
9
What is the ten thousands digit of 19747697?
4
What is the tens digit of 369379?
7
What is the hundreds digit of 312630?
6
What is the thousands digit of 16764940?
4
What is the tens digit of 158818?
1
What is the ten thousands digit of 1562093?
6
What is the hundred thousands digit of 2421519?
4
What is the units digit of 4632653?
3
What is the ten thousands digit of 4202047?
0
What is the thousands digit of 1823706?
3
What is the hundreds digit of 14300485?
4
What is the tens digit of 14856265?
6
What is the millions digit of 24459561?
4
What is the ten thousands digit of 723529?
2
What is the hundred thousands digit of 21623205?
6
What is the ten millions digit of 36772470?
3
What is the hundred thousands digit of 362639?
3
What is the hundred thousands digit of 25366275?
3
What is the hundred thousands digit of 799031?
7
What is the hundreds digit of 1896101?
1
What is the tens digit of 7175290?
9
What is the ten thousands digit of 33852?
3
What is the thousands digit of 11703869?
3
What is the thousands digit of 11828854?
8
What is the thousands digit of 22313?
2
What is the units digit of 18740885?
5
What is the tens digit of 845799?
9
What is the units digit of 8681782?
2
What is the ten thousands digit of 944452?
4
What is the thousands digit of 274089?
4
What is the ten thousands digit of 1032481?
3
What is the thousands digit of 373621?
3
What is the millions digit of 7446801?
7
What is the ten thousands digit of 2184241?
8
What is the millions digit of 3688545?
3
What is the thousands digit of 372379?
2
What is the ten thousands digit of 1153033?
5
What is the thousands digit of 501744?
1
What is the tens digit of 4385?
8
What is the ten thousands digit of 159030?
5
What is the units digit of 488351?
1
What is the units digit of 17330677?
7
What is the units digit of 47603?
3
What is the ten thousands digit of 85301?
8
What is the units digit of 13584476?
6
What is the hundreds digit of 23625?
6
What is the tens digit of 434480?
8
What is the hundreds digit of 4986?
9
What is the ten thousands digit of 125150?
2
What is the thousands digit of 3220636?
0
What is the millions digit of 4489018?
4
What is the units digit of 38291758?
8
What is the thousands digit of 683974?
3
What is the units digit of 31138039?
9
What is the hundreds digit of 348999?
9
What is the ten thousands digit of 200994?
0
What is the units digit of 286361?
1
What is the tens digit of 816039?
3
What is the ten thousands digit of 5674224?
7
What is the hundred thousands digit of 136091?
1
What is the hundred thousands digit of 16163498?
1
What is the hundred thousands digit of 2032515?
0
What is the thousands digit of 8295120?
5
What is the ten millions digit of 16375846?
1
What is the units digit of 4117046?
6
What is the ten thousands digit of 431351?
3
What is the ten millions digit of 10266910?
1
What is the millions digit of 3902463?
3
What is the tens digit of 1084754?
5
What is the hundred thousands digit of 705983?
7
What is the millions digit of 8537673?
8
What is the millions digit of 3095207?
3
What is the ten thousands digit of 174767?
7
What is the thousands digit of 1453749?
3
What is the thousands digit of 380654?
0
What is the units digit of 3265735?
5
What is the hundreds digit of 18567380?
3
What is the hundred thousands digit of 391792?
3
What is the hundred thousands digit of 4390994?
3
What is the hundred thousands digit of 9596369?
5
What is the hundreds digit of 35626322?
3
What is the hundreds digit of 1783522?
5
What is the units digit of 92570?
0
What is the thousands digit of 8458?
8
What is the thousands digit of 7333340?
3
What is the thousands digit of 1675743?
5
What is the units digit of 2662700?
0
What is the thousands digit of 5622690?
2
What is the ten millions digit of 20130474?
2
What is the thousands digit of 11476737?
6
What is the thousands digit of 147752?
7
What is the hundred thousands digit of 11322245?
3
What is the thousands digit of 230752?
0
What is the hundreds digit of 746607?
6
What is the thousands digit of 231001?
1
What is the thousands digit of 21551119?
1
What is the units digit of 4603141?
1
What is the thousands digit of 19877706?
7
What is the hundreds digit of 20978049?
0
What is the millions digit of 3352809?
3
What is the tens digit of 479618?
1
What is the hundreds digit of 1423?
4
What is the hundreds digit of 673990?
9
What is the tens digit of 462840?
4
What is the hundred thousands digit of 6138634?
1
What is the hundreds digit of 689220?
2
What is the ten thousands digit of 691732?
9
What is the tens digit of 1094898?
9
What is the millions digit of 2695054?
2
What is the hundred thousands digit of 434408?
4
What is the millions digit of 11571503?
1
What is the units digit of 1282409?
9
What is the hundreds digit of 19362527